 + 8*o**2 + o**3 + 2 - 10*o + 24*o. Let v be m(-7). Calculate the highest common divisor of j and v.
8
Let n(m) = 4*m - 4. Let k be (-8)/32 - (-18)/8. Let v be n(k). Suppose 2*g = -d + 22, 2*g - 20 = -0*d - 2*d. What is the highest common factor of g and v?
4
Suppose 8*r = 115 + 101. What is the highest common divisor of r and 108?
27
Suppose 39 = -x + 3*k + 126, -3*k = x - 75. Let l = 93 - x. Calculate the highest common factor of 24 and l.
12
Let v(p) = p + 37. Let n be v(-17). Suppose z + 3*z = n. Let t = -67 + 107. What is the highest common divisor of z and t?
5
Suppose 5*w - 1017 = 10633. Suppose -3*f = -8*f - w. Let o be 21/(-35) + f/(-10). Calculate the greatest common divisor of o and 23.
23
Let j = 14 + -6. Suppose 4*p = -j + 148. Calculate the highest common divisor of p and 5.
5
Let p(g) = 8*g**2 + g. Let j be p(1). Suppose -2*f + 11 + j = 0. What is the greatest common divisor of f and 30?
10
Let g(u) = -23*u - 4. Let b be g(-8). What is the greatest common divisor of b and 6?
6
Let p = 38 + 52. Suppose 0*z + 120 = 3*z. Let j = z + 20. Calculate the highest common factor of j and p.
30
Let w = -96 - -146. Suppose 0*n = n - 25. Calculate the greatest common factor of w and n.
25
Let r = 280 + -229. Calculate the greatest common divisor of 408 and r.
51
Let y(v) be the second derivative of v**5/20 - 5*v**4/6 + 13*v**2/2 + v. Let b be y(9). Let z = 95 + b. What is the highest common factor of 81 and z?
27
Suppose 38*c - 42*c + 4*o + 448 = 0, -4 = 2*o. What is the highest common factor of 1760 and c?
110
Let c = 1 + 1. Suppose 0*x = 3*x - 24. Let u = -4 + x. What is the highest common divisor of c and u?
2
Let d(a) = 2*a**3 - 28*a**2 + 28*a - 6. Let t be d(15). Calculate the greatest common divisor of 54 and t.
54
Suppose k + 32 = 3*k. Suppose -3*u = -r - 3*r - k, 4*u = 3*r + 12. Let j be (8 - u)*4/8. Calculate the greatest common divisor of 16 and j.
4
Suppose -4 = -8*i + 9*i, -208 = -2*a + 3*i. Calculate the greatest common divisor of a and 490.
98
Let w(c) = c**3 - 7*c**2 - 2*c + 30. Let b be w(9). What is the greatest common factor of b and 58?
58
Let b(o) = -o**3 - 11*o**2 - o - 11. Let h be b(-11). Suppose h = -0*y - 8*y + 16. Let z be (-1)/(-1)*(-2 + 6). Calculate the highest common factor of y and z.
2
Let t be -12*(-6)/(-8)*(-20)/30. Let x = 5 + -18. Let f = x + 19. What is the highest common factor of t and f?
6
Let r(d) = -31*d - 459. Let v be r(-15). Let f(o) = -o**3 - 5*o**2 + 6*o + 6. Let b be f(-6). Calculate the highest common divisor of v and b.
6
Let m(z) = 4*z + 40. Let h be m(-8). Suppose 106 + 758 = h*p. Let q(c) = 2*c**2 - 2*c. Let j be q(3). What is the greatest common factor of j and p?
12
Let a = 126 - 90. Let p be (36/(-10))/(39/(-260)). Calculate the highest common divisor of a and p.
12
Suppose -s + 4*z = -1187, 4*z + 5903 = 5*s - 0*z. Calculate the highest common factor of s and 9.
9
Let m = 218 - 31. What is the greatest common divisor of m and 34?
17
Let s = -7 + 37. Suppose -g + s = -5. Calculate the greatest common divisor of g and 14.
7
Let b = 8 - 32. Let w be 4/6*(-33)/22 - -37. Let d = w + b. What is the greatest common factor of 84 and d?
12
Let z = 363 + -331. What is the greatest common divisor of z and 24?
8
Suppose -3 = -3*d - 0*d. Let q be (0 - d)*1 + 41. Suppose 0 = 76*b - 279*b + 2030. Calculate the greatest common divisor of q and b.
10
Suppose 33 = -20*c + 273. What is the greatest common divisor of c and 52?
4
Suppose 4*h - 4*b = -1188, -3*h = 3*b + 807 + 54. Let w = -102 - h. What is the highest common factor of w and 38?
38
Suppose -22*c = -52*c + 7050. Calculate the highest common factor of 5 and c.
5
Suppose -2*h = d + 3*d - 100, -5*d - 2*h = -126. Calculate the greatest common divisor of d and 1794.
26
Let y(b) = 2*b**2 - 3*b - 5. Let f(t) = 2*t. Let m be f(8). Suppose 0*h = -4*h - m. Let j be y(h). Calculate the greatest common factor of 13 and j.
13
Let j = 10 - 6. Let z = 4 - j. Suppose m + 0*m - 2 = z, -236 = -4*a + 2*m. What is the highest common divisor of a and 20?
20
Let j = 69 + -65. Suppose 0 = -o - j*r + 62, 3*r - 118 = -2*o - 2*r. Calculate the highest common factor of o and 135.
27
Let m = 38 + -22. Let g = -17 + 16. Let q be g*(-1 - (127 + 0)). What is the greatest common factor of q and m?
16
Let c be (-1)/((-51)/18 - -3). Let g be (-33)/c + 4/8. Suppose 3*v + 3 = 93. Calculate the highest common factor of v and g.
6
Let g(h) = h**3 + 10*h**2 - 14*h + 3. Suppose 6*k - 2*v + 34 = 2*k, 2*k = 5*v + 3. Let m be g(k). Calculate the highest common factor of m and 18.
18
Suppose 2*q + 5*c = -15, -3*q + c + 21 - 1 = 0. Let x = q + 8. Calculate the highest common factor of x and 39.
13
Let u = 277 + -628. Let l(k) = 6*k**2 + 11*k + 21. Let p be l(-10). Let w = p + u. Calculate the greatest common divisor of 20 and w.
20
Suppose 1201 - 241 = 5*u. Let q be u/14 - (-4)/14. Let o be 0 + 3/(-18) - 43/(-6). Calculate the highest common factor of o and q.
7
Suppose -i - 56 = -0*y - 4*y, 0 = -4*y - 5*i + 32. Let j = -10 + y. Suppose -q = q - j*u + 3, -4*q + 4*u = -4. What is the greatest common divisor of q and 6?
6
Let r(y) = -y**2 + 5*y. Let n be r(4). Suppose -n*t + 228 = 5*x, 5*t - 2*x = -0*x + 285. Calculate the highest common divisor of t and 19.
19
Suppose 45*o = 40*o - 3*i + 489, i = 2*o - 189. What is the greatest common divisor of o and 72?
24
Let k = 92 + -92. Suppose -13*n + 21 + 447 = k. Calculate the highest common factor of n and 8.
4
Suppose 31*v + 91 = 277. Calculate the highest common factor of v and 402.
6
Suppose 0 = -2*y - 3*b + 95, 5*b = -5*y + 147 + 93. Calculate the greatest common divisor of y and 7.
7
Let d be 2/8 + (-2)/16*26. Let j = d + 6. Calculate the highest common factor of j and 24.
3
Suppose 0*l = 3*l - 5*b - 42, 5*l + 4*b - 70 = 0. Let x be (l + 0)*45/10. What is the greatest common divisor of 7 and x?
7
Let l = 195 - 42. Suppose 0 = 4*u - 7*u - l. Let o be u/(-2 - 1) - 3. Calculate the greatest common divisor of o and 21.
7
Let y = -64 - -110. Suppose -7*x + 52 = -y. Calculate the greatest common divisor of x and 56.
14
Suppose 4*i - 2*p = 4, i + 0*i + 6 = -3*p. Suppose i = 18*c - 21*c + 408. What is the greatest common factor of c and 17?
17
Suppose -3*d + 27 = -3. Suppose -19*b = -539 - 1171. Calculate the highest common factor of d and b.
10
Suppose -9*y = -57 + 12. Let s be (-6 - y - 5)/(-2). What is the highest common divisor of s and 128?
8
Let d(g) = -64*g**3 + 2*g**2 + 13*g + 11. Let u be d(-1). Suppose 8*f + 39 = 2*z + 3*f, -4*z + 133 = f. Calculate the greatest common factor of u and z.
32
Let l be (38/6)/(71/213) - -1. What is the highest common factor of 68 and l?
4
Let z = 297 - 299. Let s be (-24)/3*(-2)/4. Let m = s - z. What is the greatest common divisor of m and 4?
2
Let a(l) = l**3 - 25*l**2 + 2*l - 42. Let m be a(25). Suppose -5*c + 47 = 7. What is the highest common divisor of m and c?
8
Suppose -1 = 4*v + 19. Let j be 1/v + 182/10. Calculate the highest common divisor of j and 162.
18
Suppose 76 = 17*i - 16*i. Let g = -56 + i. Calculate the highest common divisor of g and 30.
10
Suppose 14*h - 896 = 30*h. Let u = -50 - h. Calculate the highest common divisor of u and 96.
6
Let n(o) = -7*o + 7. Let j(d) = -d + 1. Let y(i) = 24*j(i) - 3*n(i). Let m = 27 + -38. Let h be y(m). Calculate the greatest common divisor of h and 4.
4
Let l be (-1)/((-52)/520*((-22)/16 - -2)). Let x = -1 + 9. What is the greatest common divisor of l and x?
8
Suppose 4*y - 4*p - 85 - 31 = 0, 0 = -2*y - 2*p + 42. What is the greatest common divisor of 25 and y?
25
Suppose -4*p + 438 = -2*t, -4*t = -2*p - t + 221. Suppose -r = -4*b + 215, 5*b - 3*b + r - p = 0. Calculate the highest common divisor of 135 and b.
27
Let y be -2 + (49 - -1) + 1. Let j = 17257 - 17012. What is the highest common factor of y and j?
49
Let t = -841 - -1544. Suppose 4*o = 529 + t. Suppose o = -0*j + 2*j. Calculate the greatest common factor of j and 14.
14
Let i be (8 - 2 - -1) + (-168)/(-84). Let s = 225 - 419. Let t = -95 - s. Calculate the greatest common divisor of t and i.
9
Let o(c) = -c**3 - 4*c**2 - 6*c. Let k be o(-4). Calculate the highest common factor of k and 32.
8
Let c be 74/4 - (-12)/24. Suppose -16 = -2*k - v, -5*k + 18 + c = v. Calculate the greatest common 